*h + f, -3*h = 2*r + 2*r - s. List the prime factors of h.
11
Let n(v) = 2*v**2 - 5. Let a be n(4). Suppose -a = -2*t - 7. List the prime factors of t.
2, 5
Suppose -3*b + 4 = b. List the prime factors of (-39)/(-3) + (-1)/b.
2, 3
Suppose -4*o + 5*i = -91 - 8, -5*o + 135 = -4*i. What are the prime factors of o?
31
Let h(a) = a**2 - 2*a + 1. Let q be h(1). Suppose q = -2*s + 3*g + 97, 3*g - g + 148 = 3*s. Suppose 0*x - s = -5*x. What are the prime factors of x?
2, 5
List the prime factors of (165/(-10))/(1/(-2)).
3, 11
Suppose 0 = -5*l + l + 760. List the prime factors of l.
2, 5, 19
Let t(v) be the second derivative of v**4/12 - 7*v**3/6 - 5*v**2 - 4*v. Suppose 5*q + 8 = 4*n - 7, 5*n + 3*q - 65 = 0. What are the prime factors of t(n)?
2, 5
Let v(y) = y + 1. Let h be v(6). Let k(o) = -o**3 + 7*o**2 + o + 1. What are the prime factors of k(h)?
2
Let r(c) = -3*c**2 + 13 + 3*c**2 + c**2 + 11*c. Let a be r(-9). Let k = a - -15. List the prime factors of k.
2, 5
Let l be 2 + -3 + 0 + 65. List the prime factors of ((-1)/(-2))/(2/l).
2
Suppose 23 = 4*t + 123. Let d = -42 - t. What are the prime factors of ((-4)/(4/d))/1?
17
Let i be 28/3 + (-6)/(-9). Let w = i + -3. What are the prime factors of w?
7
Let v = -4 - -5. Let k(n) = n**3 - n**2 - 1. Let z be k(v). Let c(g) = -9*g - 1. What are the prime factors of c(z)?
2
Suppose -2*n + 14 = 2*o, 15 = -5*o + 6*n - n. Let c(w) be the second derivative of w**3 - w**2/2 + 5*w. List the prime factors of c(o).
11
Let i(j) = -j**2 - j - 3. Let k be i(0). List the prime factors of 206/8 + k/(-12).
2, 13
Let m be 48*(0 + 2/3). Let b = -23 + m. List the prime factors of b.
3
Let r(a) be the first derivative of 1 + 1/4*a**4 - 3*a**2 - a + a**3. List the prime factors of r(-4).
7
Let r be 7 - -1*(-12)/4. List the prime factors of r/8 - 13/(-2).
7
Let o(j) = 5*j - 1. Let p(i) = -i**3 - 8*i**2 - 8*i - 6. Let y be p(-7). List the prime factors of o(y).
2
Suppose -4*m + 18 = -2. Suppose 8 + 44 = 3*h - m*p, -p - 37 = -2*h. List the prime factors of h.
19
Suppose -4*a + 60 = -0*a. What are the prime factors of a?
3, 5
Let d(m) = m - 2. Let v be d(3). Let x be v - 3 - 1*-3. What are the prime factors of 2 - (-1*8 - x)?
11
Let h = 5 + -3. Suppose 5 = -h*u + 35. What are the prime factors of u?
3, 5
Let k = 30 - -16. What are the prime factors of k?
2, 23
Suppose -4*k + h = 2*h - 204, -4*h - 234 = -5*k. List the prime factors of k.
2, 5
Suppose 2*i - i - 28 = 0. Suppose 22 = 5*m - i. Suppose m = 2*l + z, z - 24 = l - 5*l. List the prime factors of l.
7
Suppose -7*x + 194 = -142. List the prime factors of x.
2, 3
Let y(x) = x - 9. Let s be y(5). Let i be (-1)/s + (-1)/4. Suppose i = -6*d + d + 35. List the prime factors of d.
7
Suppose -45 = -4*q - 2*o + 27, 5*q + o - 84 = 0. What are the prime factors of q?
2
Suppose 3*t - 15 = -6. Suppose -4*p + 2*b + 24 = 0, 6*p - 4 = 4*p - t*b. List the prime factors of p.
5
Suppose 2*s + 3*s - 937 = -d, 0 = 5*s - 2*d - 946. List the prime factors of s.
2, 47
Suppose 36 = 9*k - 6*k. Let u = k - 6. Let v(q) = 3*q - 5. List the prime factors of v(u).
13
Let q(z) = -z**2 - z + 25. List the prime factors of q(0).
5
Suppose 125 = -5*r - 5*s, 51 = -2*r - 0*s - s. Let h be 3 - ((-1 - 1) + 42). Let x = r - h. What are the prime factors of x?
11
Suppose 5*p - 2*v = -v + 44, 4*v - 16 = -4*p. Let j(f) = f**3 - 8*f**2 + 2*f + 4. What are the prime factors of j(p)?
2, 5
Suppose 3*w = -5*w + 40. What are the prime factors of w?
5
Let a be (-8)/(-6)*18/8. Suppose 2*j + a*x - 4*x - 19 = 0, 5*x + 7 = 2*j. List the prime factors of j.
11
Let p(w) = 5*w + 1. Let u be p(1). List the prime factors of u/15 - 279/(-15).
19
Let x = -148 - -261. List the prime factors of x.
113
Let y = -50 + 124. Let x = -52 + y. Let w = x - 15. List the prime factors of w.
7
Let n(z) = -z + 8. Suppose 4*t - 6 = 3*t. Let u be n(t). Suppose -4*j + u*o + 36 = 0, 2*j - 2*o = -6*o + 8. What are the prime factors of j?
2
Let l = 8 + 19. Let u be 2*(l/(-6) + -1). Let a(h) = h**2 + 10*h - 8. List the prime factors of a(u).
3
Let u = 5 - -22. Let s = -18 + u. List the prime factors of s.
3
Let b be 8/10*30/12. Suppose 5*n - 75 = -b*u, 2*n - 3*u = 5*n - 54. List the prime factors of n.
13
Let k(h) = -7*h + 10. Let s(t) = -6*t + 9. Let p(j) = -5*k(j) + 6*s(j). Let z be p(2). Suppose 2*v - z = 24. List the prime factors of v.
13
Suppose 5*g - 160 = -4*z, -3*z + z = -5*g + 130. What are the prime factors of g?
2, 7
Let q = -84 - -144. What are the prime factors of q?
2, 3, 5
Let c = 43 + 266. What are the prime factors of c?
3, 103
Let y be 9/(-6)*(-2 + 0). Suppose 5*f = 4*f + y. Suppose -f*q + q = -6. List the prime factors of q.
3
Let u(n) = 5*n**2 - 9*n + 52. List the prime factors of u(6).
2, 89
Suppose -g - 4*g + 305 = 0. Suppose g = 3*z + 1. What are the prime factors of z?
2, 5
Suppose 397 = 4*o - 3*k, 0*o - 3*o + 295 = -5*k. Suppose o = 2*a + 3*a. List the prime factors of a.
2, 5
Let z(b) = -b - 1. Let j be z(-3). Suppose w + 4*t = j*t - 3, 5*w = 5*t + 60. What are the prime factors of w?
7
Suppose -g + 0 = -15. What are the prime factors of g?
3, 5
Let u = -2 + 5. Suppose z + 0*z = -4, 2*k - 26 = u*z. What are the prime factors of k?
7
Let d(i) = 5*i**2 + 2*i - 1. Let j be d(-3). Let b = 69 - j. List the prime factors of b.
31
Let n(j) = -15*j + 4. Let h be n(-4). Suppose -5*o = -4*a - h, -5*a + 7 = 5*o - 48. List the prime factors of o.
2, 3
Suppose -3*o - 5*b + 242 + 295 = 0, -3*b + 879 = 5*o. What are the prime factors of o?
2, 3, 29
Let m = -1 + 2. Let y(q) = q**3 - 5*q**2 - 8*q + 9. Let c be y(6). List the prime factors of (-24)/(c*m) - 2.
2, 3
Let z = -3 + 7. Suppose 3*o + r = 79, -3*r = z*o - 35 - 72. List the prime factors of o.
2, 13
Suppose -f + 5*z = 8, 4*z - 2 = 3*f - 0. Suppose -f*h = 4*h - 54. List the prime factors of h.
3
Let g(k) = k**2 - k - 3. Let q be g(3). Suppose 2*n = -d + 9, 4*n = 3*d - 4 - q. Suppose 3*t + t = -4*j + 60, -d*j = -2*t + 2. List the prime factors of t.
11
Let w(j) = j + 8. Let u be w(-6). Suppose -z + 3 = 0, 2*z - 3*z = -u*b + 13. List the prime factors of 66/b - 2/8.
2
Suppose -6*b = -3*b - 144. What are the prime factors of b?
2, 3
Suppose 5*i = g - 78, 5*g - i = 4 + 410. What are the prime factors of g?
83
Let x = 20 + -14. What are the prime factors of x?
2, 3
Let y(i) be the first derivative of i**4/4 - 5*i**3/3 + 5*i**2/2 + 2*i + 1. Let a(v) = 2*v. Let r be a(2). List the prime factors of y(r).
2, 3
List the prime factors of (44/(-8) + 0)/((-2)/12).
3, 11
Suppose -b = b + 8. Let h = b + -1. Let k(z) = -3*z - 5. What are the prime factors of k(h)?
2, 5
Suppose -v - 2*g = -2, 0 = 4*v - 3*g - 19. Suppose 0*r = -5*x - v*r + 37, 13 = 2*x + r. Suppose x*j - 26 = 9. List the prime factors of j.
7
Suppose -3*x + 49 = 2*t, -2*t - 35 = -3*x + 3*t. Suppose -5*w - x = -215. Suppose 3*a = -2*a + w. What are the prime factors of a?
2
Suppose -4*x + 6 = -2*a, 2*x - 6*x = -a - 7. Suppose -2*d + 2 = -x*q - 4*d, -5*q - 2*d + 10 = 0. Suppose -22 + q = -3*g. What are the prime factors of g?
2, 3
Let k = 1 + 1. Suppose -k*i - 6 = -3*i. List the prime factors of i.
2, 3
Suppose 2*a + 3*g - 116 - 331 = 0, a - 216 = -4*g. List the prime factors of a.
2, 3, 19
What are the prime factors of -3 + 2/4*14?
2
Let c(r) = r**3 + 3*r**2 - r - 3. List the prime factors of c(3).
2, 3
Let q(d) = 5*d**2 - 12*d + 10. What are the prime factors of q(5)?
3, 5
Let l(q) = 147*q**2 - 3*q + 2. What are the prime factors of l(1)?
2, 73
Let a(v) = -5 + 2*v + 4*v - 5*v. List the prime factors of a(8).
3
Suppose 0 = -x + 2*w - 11, 2*x - 3*w + 15 = x. What are the prime factors of 80/(-12)*x/2?
2, 5
Suppose -3*n - n = 3*h - 53, -4*n + 78 = -2*h. Let j = 2 - -27. Let m = j - n. List the prime factors of m.
2, 3
Let f(l) be the second derivative of -l**4/12 - 2*l**3/3 + 3*l**2/2 - 2*l. Let x be f(-3). What are the prime factors of x/4 + (-50)/(-4)?
2, 7
Let q(i) = -29*i + 1. Let k be q(-5). Let l = k - 95. List the prime factors of l.
3, 17
Suppose 0*n + 4*m - 256 = -4*n, 0 = -2*n - 5*m + 119. What are the prime factors of n?
67
Let d be 1*2 - (0 - -1). Let a(t) = 11*t**3 + t - 1. List the prime factors of a(d).
11
Let y(i) = i**2 - i - 2. Let x be y(2). Suppose x = 2*r - 16 + 6, -4*t + 43 = -r. List the prime factors of t.
2, 3
Let 